5*r - 20. Give n(5).
30
Let z(x) = 54*x - 7. Calculate z(0).
-7
Let g(v) = v**2 - 24*v + 61. Determine g(19).
-34
Let r(m) = -47*m - 1238. Determine r(-28).
78
Let z(h) = 2955*h + 8857. Determine z(-3).
-8
Let z(d) = -d**3 - 54*d**2 + 62*d + 41. Give z(-55).
-344
Let l(v) = -9*v - 62. Calculate l(-9).
19
Let w(p) = p**2 + 61*p + 39. Give w(-24).
-849
Let o(t) = -t**2 - 21*t + 141. Calculate o(5).
11
Let i(n) = n**3 - 20*n**2 - 42*n - 37. Determine i(22).
7
Let i(x) = 3*x**2 - 38*x + 110. Give i(4).
6
Let i(s) = -9*s - 457. Determine i(-58).
65
Let h(a) = 3*a + 292. What is h(-46)?
154
Let g(o) = -o**3 - 98*o**2 - 554*o - 212. Calculate g(-92).
-28
Let m(g) = -g**3 + 10*g**2 - 51. Give m(7).
96
Let a(u) = u**3 - 60*u**2 - 71*u + 538. Determine a(61).
-72
Let c(w) = -79*w - 4810. Determine c(-61).
9
Let n(c) = c**3 + 16*c**2 - 1243*c - 20835. What is n(-17)?
7
Let n(b) = -2*b**3 - 3*b**2 + 3*b - 18. Give n(-5).
142
Let l(h) = -11*h**2 - 89*h + 745. Calculate l(-13).
43
Let w(v) = 1762*v + 45806. Calculate w(-26).
-6
Let y(t) = 3*t**3 - 56*t**2 - 21*t + 19. What is y(19)?
-19
Let y(o) = o**3 - 14*o**2 + 51*o - 5. Calculate y(7).
9
Let v(l) = 409*l + 11835. Calculate v(-29).
-26
Let p(a) = 23*a**2 + 70*a + 2. What is p(-3)?
-1
Let v(u) = -u**2 + 73*u - 134. Calculate v(71).
8
Let y(c) = c**2 + 25*c - 503. Calculate y(-37).
-59
Let y(o) = -11*o**2 - 10. Give y(3).
-109
Let q(k) = 5*k**3 - 64*k**2 + k - 194. Calculate q(13).
-12
Let y(t) = -2*t**2 + 2*t + 752. Calculate y(20).
-8
Let p(q) = -54*q - 497. Calculate p(-9).
-11
Let q(a) = 3*a**2 - 20*a - 156. Calculate q(21).
747
Let w(v) = -8*v + 199. Give w(24).
7
Let t(b) = -125*b - 101. Calculate t(-1).
24
Let w(a) = a**2 - 23*a - 256. Determine w(-15).
314
Let n(z) = 4*z**2 - 1146*z - 25174. Calculate n(307).
0
Let g(d) = d**3 - 10*d**2 - 4*d + 8. What is g(0)?
8
Let t(g) = -58*g**2 + 64*g - 8. What is t(3)?
-338
Let l(s) = -s**2 + 561*s - 4972. Give l(9).
-4
Let q(v) = 6*v**2 + 118*v + 482. Give q(-6).
-10
Let s(v) = -3*v**2 - 32*v + 7. Determine s(-12).
-41
Let x(d) = 2*d**2 - 32*d - 228. Calculate x(22).
36
Let c(h) = 5*h**2 + 445*h + 14. Determine c(-89).
14
Let s(g) = 46*g - 1860. Give s(38).
-112
Let x(z) = 4*z**2 - 17*z + 24. Calculate x(4).
20
Let b(h) = -4*h**2 - 6*h + 5. What is b(2)?
-23
Let w(n) = -n**3 - 5*n**2 - 38*n - 361. Determine w(-7).
3
Let m(k) = -57*k + 963. Determine m(17).
-6
Let n(u) = -u**3 - 8*u**2 - 21*u. Determine n(-3).
18
Let b(r) = -r**3 - 6*r**2 + 8. What is b(-5)?
-17
Let w(y) = 444*y - 2660. Calculate w(6).
4
Let b(l) = -l**2 + 310*l + 309. What is b(-1)?
-2
Let o(q) = -q**3 - 60*q**2 - 238*q - 786. What is o(-56)?
-2
Let m(i) = i**3 - 27*i**2 + 20*i + 139. What is m(26)?
-17
Let c(t) = -t**2 - 50*t - 260. Give c(-41).
109
Let f(r) = -14*r - 72. Calculate f(-19).
194
Let j(r) = r**3 + 8*r**2 - 30*r - 6. Give j(3).
3
Let g(f) = -134*f + 81. Calculate g(1).
-53
Let q(v) = -v**3 + 27*v**2 - 111*v + 31. What is q(22)?
9
Let b(o) = -o**2 + 71*o - 922. Give b(16).
-42
Let x(u) = -351*u - 9480. Determine x(-27).
-3
Let h(w) = -77*w**2 + 696*w - 13. What is h(9)?
14
Let t(i) = i**3 + 62*i**2 + 36*i + 2233. Determine t(-62).
1
Let q(p) = 2*p**2 + 19*p + 3. What is q(-9)?
-6
Let g(d) = -2*d**3 - 20*d**2 + 152*d + 1441. Determine g(-11).
11
Let p(w) = 5*w**2 - 163*w - 82. Calculate p(33).
-16
Let p(c) = -8*c**2 + 46*c + 143. Calculate p(-3).
-67
Let g(q) = -4*q**2 - 179*q - 105. Give g(-44).
27
Let n(z) = z**3 - 111*z**2 + 118*z - 884. Determine n(110).
-4
Let s(l) = 102*l - 3669. Give s(36).
3
Let l(t) = -6*t**2 + 202*t - 158. Give l(34).
-226
Let p(s) = -s**3 + 51*s**2 - 263*s - 310. Calculate p(45).
5
Let g(s) = 4*s**2 - 24*s - 13. What is g(6)?
-13
Let v(m) = 138*m + 5506. Give v(-40).
-14
Let c(r) = 3*r**2 - 160*r - 15. Give c(53).
-68
Let x(g) = 478*g + 9068. Give x(-19).
-14
Let f(x) = -12*x - 156. Give f(-22).
108
Let q(r) = -2*r**3 + 14*r**2 - 25*r + 180. Calculate q(7).
5
Let j(z) = z**3 + 15*z**2 - 27*z - 131. Determine j(-4).
153
Let d(p) = 7*p + 23. What is d(19)?
156
Let v(j) = 2*j**3 - 10*j**2 + 16*j + 17. What is v(6)?
185
Let h(z) = -11*z**3 + 8*z**2 + 5*z - 3. Calculate h(-1).
11
Let x(n) = -10*n**2 + 164*n - 261. Give x(15).
-51
Let x(k) = -k**3 + 10*k**2 + 5*k. Give x(8).
168
Let v(f) = f**3 + 39*f**2 + 21*f + 812. Determine v(-39).
-7
Let m(c) = c**2 - 149*c + 3432. Give m(28).
44
Let u(f) = 92*f - 1752. Give u(19).
-4
Let o(w) = 5*w**2 + 40*w - 7. Give o(-10).
93
Let m(j) = 3*j**2 + 18*j - 69. Give m(-10).
51
Let x(b) = b**3 - 7*b**2 - 53*b - 37. Calculate x(12).
47
Let n(g) = -29*g - 267. Calculate n(-9).
-6
Let o(z) = 26347*z - 131730. Calculate o(5).
5
Let n(q) = -4*q**2 + 27*q + 174. Determine n(11).
-13
Let c(g) = -5*g**3 - 16*g**2 - 34*g - 11. Calculate c(-5).
384
Let u(m) = -136*m + 413. Calculate u(3).
5
Let r(z) = -7*z**2 - 158*z + 953. Determine r(6).
-247
Let y(s) = -10*s + 45. Calculate y(2).
25
Let j(v) = -13*v - 890. What is j(-70)?
20
Let k(f) = f**2 + 97*f + 1018. What is k(-12)?
-2
Let r(z) = -z**2 - 25*z + 64. Determine r(-27).
10
Let x(q) = -20*q**2 + 29*q - 141. Give x(5).
-496
Let p(u) = -u**3 + 24*u**2 - 2*u + 82. Give p(24).
34
Let c(p) = 9*p**2 - 61*p - 1. Determine c(10).
289
Let l(a) = 9*a**2 + 37*a - 56. Give l(-5).
-16
Let p(l) = l**3 + 41*l**2 - 54*l - 409. Determine p(-42).
95
Let k(v) = v**3 - 13*v**2 - 13*v + 190. Determine k(11).
-195
Let c(n) = n**3 + 49*n**2 - 466*n - 574. Determine c(-57).
-4
Let l(j) = -178*j - 181. Give l(-3).
353
Let u(h) = 46*h + 75. What is u(-1)?
29
Let x(b) = -3*b**3 - 10*b**2 + 36*b + 109. Calculate x(-4).
-3
Let n(b) = -119*b**3 + 2*b - 52. Determine n(0).
-52
Let x(i) = 91*i + 454. Calculate x(-7).
-183
Let o(c) = 15*c - 275. Calculate o(18).
-5
Let i(d) = -d**3 - 26*d**2 - 30*d + 26. Calculate i(-25).
151
Let y(w) = 3*w**2 + 11*w - 21. What is y(-5)?
-1
Let q(d) = -d**2 + 80*d - 268. Calculate q(36).
1316
Let c(y) = y**3 + 10*y**2 + 37*y + 4. Calculate c(-5).
-56
Let i(z) = z**3 - 101*z**2 - 991*z + 135. Give i(110).
25
Let j(n) = -14*n - 43. Determine j(-6).
41
Let t(f) = -92*f - 1272. Calculate t(-14).
16
Let m(i) = -493*i - 2441. Give m(-5).
24
Let h(x) = -235*x + 97993. Calculate h(417).
-2
Let f(i) = -280*i + 4478. Give f(16).
-2
Let x(w) = 52*w + 94. Determine x(-1).
42
Let p(f) = -89*f**2 - 977*f + 12. Give p(-11).
-10
Let u(t) = t**3 + 8*t**2 - 21*t + 12. Determine u(-10).
22
Let d(c) = 33*c + 508. Give d(3).
607
Let f(b) = b**2 - 156*b - 4. What is f(0)?
-4
Let l(o) = 2*o**2 + 45*o + 175. Calculate l(-6).
-23
Let p(t) = -194*t - 32. Determine p(-1).
162
Let r(j) = -73*j + 9465. Give r(130).
-25
Let z(d) = 14*d**2 + 3*d - 53. What is z(-4)?
159
Let b(z) = z**2 - 15*z - 146. Calculate b(19).
-70
Let n(f) = f**3 + 8*f**2 + 15*f + 78. What is n(-7)?
22
Let j(h) = 3*h**3 - 23*h**2 + 63*h - 198. Give j(6).
0
Let l(j) = 20*j**2 - 493*j - 169. Calculate l(25).
6
Let a(f) = -f**3 + 13*f**2 - 23*f - 8. What is a(9)?
109
Let p(y) = 2*y**2 + 25*y - 166. What is p(-17)?
-13
Let q(g) = -g**2 + 36*g + 19. What is q(6)?
199
Let y(o) = -458*o + 42599. Calculate y(93).
5
Let d(w) = w**2 + 113*w + 107. Determine d(-107).
-535
Let l(t) = t**3 - 3*t**2 - 15*t + 19. Give l(5).
-6
Let x(d) = -d**3 - 10*d**2 + 2*d + 18. Determine x(-5).
-117
Let b(w) = 31*w**2 - 89*w - 850. What is b(-4)?
2
Let g(x) = 21*x + 826. Calculate g(-36).
70
Let p(i) = -i**2 + 62*i + 360. Give p(-6).
-48
Let a(n) = 65*n - 1102. Give a(15).
-127
Let d(g) = 2*g**3 + 12*g**2 - 10*g - 15. Give d(-4).
89
Let d(o) = o**3 + 2*o**2 - 6*o + 20. Give d(-5).
-25
Let q(c) = 188*c + 20502. What is q(-109)?
10
Let g(v) = -1126*v + 13517. Calculate g(12).
5
Let d(y) = -6*y**3 + 69*y**2 - 146*y - 10. Calculate d(3).
11
Let v(t) = 2111*t - 105. Calculate v(0).
-105
Let w(a) = a**2 + 370*a + 1111. Give w(-3).
10
Let f(u) = -u**3 - 20*u**2 - 77*u + 105. Determine f(-14).
7
Let u(j) = j**2 + 42*j - 2290. Calculate u(-73).
-27
Let t(o) = -9*o + 132. What is t(15)?
-3
Let y(v) = -v**3 + 48*v - 59. What is y(6)?
13
Let r(w) = -5*w**2 + 48*w - 86. Give r(2).
-10
Let o(n) = 567*n - 1136. What is o(2)?
-2
Let i(w) = -w**3 - 13*w**2 - 3*w - 1. Determine i(-11).
-210
Let c(b) = 3*b**3 + 14*b**2 + 7*b + 11. What is c(-7)?
-381
Let u(o) = -52*o + 101. Wh